s*o = j + 1, -5*o - 3*j - 10 = -3. What is the remainder when 2 is divided by o?
0
Let v be ((-36)/(-10))/(440/(-50) - -9). Suppose -16*x = v*x - 816. Calculate the remainder when 92 is divided by x.
20
Let f = 168 + -166. Let n(b) = 11*b**3 + 7*b**2 - 2*b. Calculate the remainder when n(f) is divided by 29.
25
Let g(o) = 6*o + 12. Let f(h) = h**2 + h + 3. Let t(v) = 6*f(v) - g(v). Let u be 1*-3*(-12)/(-18). What is the remainder when 208 is divided by t(u)?
28
Let g(l) = l**3 - 37*l**2 + 209*l + 63. Suppose 0*w - 2*w = u - 61, -u = -3*w - 71. Calculate the remainder when u is divided by g(30).
32
Let q = 23348 + -8934. What is the remainder when q is divided by 8?
6
Suppose -575*m - 62700 = -605*m. What is the remainder when m is divided by 7?
4
Let w(d) = 278*d**2 - 5*d - 12. Let k be w(-2). Suppose 3*r + k = 8*r. What is the remainder when r is divided by 71?
9
Suppose -6*x = -2*x - 672. Let i = x + -100. What is the remainder when i is divided by (-18)/14 + 1 - (-2354)/154?
8
Let w(b) = 32*b + 176. Let k be w(-5). What is the remainder when -753*((-8)/k)/((-6)/(-4)) is divided by 12?
11
Suppose -17*i + 420 = 20*i - 22*i. Suppose q + 0*q - 59 = 3*r, 3*r = -4*q + 266. What is the remainder when q is divided by i?
9
Let h = -54 + 92. Let t(b) = -12*b - 57. Let i be t(7). Let w = i + 151. Calculate the remainder when h is divided by w.
8
Suppose 0 = -5*m - 2*h + 118, -2*m + 68 = m + 4*h. Calculate the remainder when m is divided by (15/(-6))/((-565)/4972).
2
Suppose -2*z + 20*y = 19*y - 1113, 2*z + 5*y - 1083 = 0. Calculate the remainder when z is divided by 186.
182
Suppose -d + x = -6, x = 10*d - 13*d + 34. Let w = 117 - 66. Suppose 0 = 6*u - 21 - w. Calculate the remainder when u is divided by d.
2
Let c(m) = 2*m + 39. Let o be c(-19). Calculate the remainder when (o - -9)/(20/90) is divided by 18.
9
Suppose 0 = 138*k - 134*k - 1640. Let w = k - 351. What is the remainder when 79 is divided by w?
20
Let z(j) = 28*j - 42. Let a be z(3). What is the remainder when 105 is divided by 12/a - 248/(-14)?
15
Let h(v) = -33*v - 797. Calculate the remainder when 1084 is divided by h(-31).
180
Let t = -419 + 391. Suppose 15 - 59 = -2*j + 2*y, 0 = 5*j + y - 128. Calculate the remainder when j is divided by t*(63/(-14))/9.
11
Suppose -6*c - 80 = -8*c. Suppose 357*q + 22 = 359*q. What is the remainder when c is divided by q?
7
Let p = 113 + -110. Suppose -p*b + 13*b - 190 = 0. Calculate the remainder when 149 is divided by b.
16
Let q = 4348 - 4339. What is the remainder when 436 is divided by q?
4
Let b(a) = -11*a + 14. Let h be b(6). Let n = -43 - h. Suppose 126 = n*j + 5*j. Calculate the remainder when 29 is divided by j.
2
Suppose 27*i = 18769 - 17743. Let u = 256 + 0. Calculate the remainder when u is divided by i.
28
Calculate the remainder when ((-18)/8)/(132/(-19712)) is divided by 83.
4
Suppose 0 = -5*v - a + 6*a + 400, -5*v - 5*a + 410 = 0. Let y be ((-22)/(-8))/11 - 221/4. Let x = y + v. What is the remainder when x is divided by 7?
5
Let x be ((-96)/21)/4*35/(-10). Suppose -x - 26 = -6*q. Suppose q*o - 4*t = 160, 0*o - 5*t = -4*o + 128. Calculate the remainder when o is divided by 18.
14
Let h(l) = 32*l - 290. Let x be h(9). Let t(n) = 12*n + 44. What is the remainder when 51 is divided by t(x)?
11
Suppose 0 = -4*z - 4*l + 16, 19*l = 14*l - 35. Calculate the remainder when 783 is divided by z.
2
Let u(o) = o**3 - 16*o**2 + 11*o + 73. Calculate the remainder when 28779 is divided by u(15).
10
Suppose -4*o = -1678*d + 1673*d + 534, 2*d - 192 = -2*o. What is the remainder when 1007 is divided by d?
89
Calculate the remainder when 227 is divided by ((-10)/55 - 8995/77)*1/(-3).
32
What is the remainder when 11384 is divided by ((-10)/(-35))/((-2)/(-91))?
9
Suppose 4*k = -8*o + 10404, 2*k - 95 = -109. Calculate the remainder when o is divided by 129.
14
Let y(u) = -21*u + 107. Let m be y(5). Suppose -4*w - 3*r + 359 = 0, -22 = -m*w + r + 165. What is the remainder when w is divided by 28?
8
Let r = -510 - -540. Calculate the remainder when 236 is divided by r.
26
Let m(n) = -4*n**3 - 2*n**2 + 16*n + 63. Calculate the remainder when m(-4) is divided by 42.
13
Suppose -10*b - 33 = -13*b. Suppose -34*y = -33*y - 40. Calculate the remainder when y is divided by b.
7
Suppose -s = -3 - 2. Suppose s*t + 60 = 8*t. What is the remainder when t is divided by 0 + 27/36 + (-29)/(-4)?
4
Let s(l) = 923*l + 6739. What is the remainder when s(-7) is divided by 73?
59
Let l(g) = -g**2 - 85*g - 989. Let i(o) = o**2 - 2. Calculate the remainder when i(-3) is divided by l(-71).
2
Calculate the remainder when 4314 is divided by (87 + 3)/(13/39).
264
Let m = -54387 - -54398. Let p(o) = -o**3 - 5*o**2 + o + 1. Let x be p(-7). Suppose 4*w - x - 20 = 0. Calculate the remainder when w is divided by m.
6
Let o(w) = 3*w**2 + 3*w - 27. Calculate the remainder when o(15) is divided by 6.
3
Let s = -96 + 75. Let l = 36 + -6. Calculate the remainder when 2348/16 - (-2 - s/12) is divided by l.
27
Suppose -106*w - 2*p = -105*w - 754, -w - 5*p = -769. What is the remainder when w is divided by 34?
30
Suppose -263*y = -216*y - 564. Calculate the remainder when 1017 is divided by y.
9
Let p = -54 + 65. Suppose 2*x - 70 = -3*x. Suppose -r + 1 = 0, x = 4*w + 3*r - 1. Calculate the remainder when p is divided by w.
2
Let f be (-6)/(-14) + (-3384)/(-42). Let n = -42 + f. Calculate the remainder when n is divided by 8.
7
Let b = 5 - 27. Let q = 1576 + -1498. Let s = b + q. What is the remainder when 167 is divided by s?
55
Let u(a) = 9*a**2 + 4*a - 3. Let h be u(1). Suppose -2*j = h - 196. Let l = j - -193. Calculate the remainder when l is divided by 41.
40
Calculate the remainder when (-1 - 969/9)/(326/(-1956)) is divided by 14.
8
Let a(v) = -9*v - 2. Let k be a(5). Let o = 42 - k. Suppose 13*t + 61 = 3*c + 15*t, 3*t + 104 = 4*c. What is the remainder when o is divided by c?
20
Suppose -4494*z = -4483*z - 330. What is the remainder when z is divided by (36/(-21))/(4/(-42))?
12
Suppose 43*t - 46*t + 143 = 10*t. What is the remainder when 9019 is divided by t?
10
Suppose -10*r - 3*m = -13*r + 330, 0 = -2*m + 10. Calculate the remainder when 564 is divided by r.
104
Suppose -7*z + 6*z = -136. Calculate the remainder when z is divided by (-10)/25 - 0 - 102/(-5).
16
Let s(j) = 7*j**3 + 4*j**2 + 30*j - 115. What is the remainder when 354 is divided by s(3)?
154
Let z be (136/(-4))/1*(-15)/6. Let b = 119 - z. Let p(q) = q**3 + 5*q**2 + q - 3. What is the remainder when b is divided by p(-3)?
10
Let u(q) = -q + 174. Calculate the remainder when 409 is divided by u(66).
85
Let j(b) = -5*b**3 + 145*b**2 + 2*b + 26. Calculate the remainder when 660 is divided by j(29).
72
Suppose -f + 40 = 5*b, 5*f = -7 - 18. Suppose -b*s + 2*s + 14 = 0. Calculate the remainder when (33 + (-2 - 2))*s is divided by 15.
13
Suppose 0 = -3*i - 21, 165*i - 5395 = -5*y + 170*i. What is the remainder when y is divided by 284?
220
Let o = 24330 + -23774. Calculate the remainder when 1203 is divided by o.
91
Let g be ((-18)/(-4))/((-30)/(-20)). Suppose 3*n = -4*d + 12, 0 = -d - 4*n + g. Suppose d*h = -2*h + 230. What is the remainder when h is divided by 6?
4
Let q = 14904 - 14833. What is the remainder when 1008 is divided by q?
14
Let c(a) = -4*a**3 + 24*a**2 + 76*a - 66. What is the remainder when c(-5) is divided by 200?
54
Calculate the remainder when 400 is divided by (658/28 - 11)*6.
25
Let y(a) = -2*a**2 - a - 5*a + 10 + 3*a**2. What is the remainder when (16/(-40))/(13/(-2015)) - -5 is divided by y(7)?
16
Suppose 32 = -26*k + 30*k, -2*z + k + 218 = 0. Let v = 38 - -9. Calculate the remainder when z is divided by v.
19
Suppose -8*h - 519 = 401. Let j = h - -152. Calculate the remainder when j is divided by 19.
18
Suppose -92*k = 1414 - 6549 - 2501. Calculate the remainder when 579 is divided by k.
81
Let g = 2764 - 2235. Calculate the remainder when g is divided by 41.
37
Let w(q) = q**3 + 2*q**2 + q + 1. Let m be w(-1). Let k be (-4 + 5)/(m/5). What is the remainder when 3 is divided by k/15 + -3*(-4)/18?
0
Calculate the remainder when 626 is divided by (1*1/(-3))/((-7)/798).
18
Suppose -30*k - 20*k + 1060 + 2340 = 0. Calculate the remainder when 2511 is divided by k.
63
Let o(d) = d**2 - 13*d - 69. Let s be o